se 2) to base 15.
6
Convert 2 (base 13) to base 10.
2
b7 (base 13) to base 14
aa
412 (base 5) to base 7
212
53 (base 9) to base 12
40
-5 (base 8) to base 11
-5
Convert -16 (base 8) to base 10.
-14
Convert -66 (base 13) to base 3.
-10010
-1000 (base 2) to base 3
-22
What is -21 (base 5) in base 13?
-b
Convert -211 (base 3) to base 5.
-42
What is 51 (base 16) in base 6?
213
What is 100 (base 11) in base 7?
232
What is 215 (base 7) in base 9?
132
What is 8 (base 16) in base 7?
11
-10 (base 3) to base 13
-3
-1 (base 10) to base 3
-1
Convert 4 (base 16) to base 3.
11
-1051 (base 6) to base 16
-f7
2 (base 10) to base 5
2
Convert 58 (base 9) to base 5.
203
18 (base 12) to base 10
20
3 (base 5) to base 7
3
Convert 0 (base 15) to base 2.
0
Convert 101 (base 2) to base 5.
10
What is -110 (base 6) in base 15?
-2c
What is -5 (base 15) in base 13?
-5
-1101 (base 2) to base 16
-d
What is 1000 (base 2) in base 16?
8
What is -117 (base 8) in base 16?
-4f
What is -22 (base 16) in base 11?
-31
50 (base 6) to base 16
1e
0 (base 6) to base 9
0
Convert 7a (base 15) to base 12.
97
-6 (base 13) to base 14
-6
What is -1 (base 14) in base 4?
-1
2 (base 9) to base 6
2
What is -102 (base 5) in base 6?
-43
-10 (base 3) to base 5
-3
Convert 5 (base 8) to base 12.
5
Convert -57 (base 8) to base 5.
-142
What is 1 (base 10) in base 5?
1
What is 102 (base 8) in base 13?
51
Convert -7 (base 15) to base 9.
-7
-129 (base 12) to base 11
-151
What is -6 (base 14) in base 6?
-10
What is 4 (base 8) in base 16?
4
Convert -1 (base 10) to base 9.
-1
4 (base 5) to base 16
4
Convert -4 (base 6) to base 2.
-100
Convert -6 (base 13) to base 4.
-12
Convert 64 (base 8) to base 5.
202
5 (base 11) to base 9
5
12022 (base 3) to base 15
98
Convert 99 (base 10) to base 5.
344
What is 2201 (base 3) in base 14?
53
Convert 141 (base 9) to base 4.
1312
-141 (base 6) to base 8
-75
What is -132 (base 8) in base 15?
-60
-111 (base 2) to base 14
-7
122 (base 4) to base 5
101
Convert -2 (base 7) to base 6.
-2
Convert -5 (base 10) to base 6.
-5
Convert 1211 (base 3) to base 8.
61
Convert -2 (base 8) to base 6.
-2
What is -4 (base 15) in base 4?
-10
What is 33 (base 11) in base 3?
1100
What is -2 (base 14) in base 3?
-2
Convert 7 (base 15) to base 8.
7
Convert -433 (base 6) to base 14.
-bb
1 (base 9) to base 13
1
What is -4 (base 14) in base 3?
-11
Convert -13 (base 13) to base 15.
-11
12 (base 8) to base 7
13
What is -2312 (base 5) in base 3?
-110022
Convert -120 (base 4) to base 2.
-11000
0 (base 3) to base 6
0
What is d (base 15) in base 8?
15
-131 (base 12) to base 2
-10110101
10100011 (base 2) to base 5
1123
Convert 33 (base 4) to base 14.
11
2c (base 14) to base 3
1111
Convert 30 (base 12) to base 10.
36
Convert 124 (base 6) to base 16.
34
-6 (base 11) to base 7
-6
Convert 41 (base 6) to base 9.
27
Convert -84 (base 9) to base 5.
-301
Convert -12 (base 13) to base 5.
-30
What is -2 (base 12) in base 15?
-2
Convert -186 (base 13) to base 10.
-279
Convert -2304 (base 5) to base 4.
-11021
Convert 1102 (base 3) to base 2.
100110
Convert -36 (base 10) to base 16.
-24
What is 223 (base 14) in base 5?
3143
What is -1 (base 7) in base 16?
-1
-38 (base 10) to base 5
-123
Convert 1 (base 14) to base 3.
1
What is -4 (base 6) in base 3?
-11
What is -5 (base 11) in base 8?
-5
What is 21 (base 13) in base 15?
1c
144 (base 5) to base 13
3a
Convert -3 (base 13) to base 4.
-3
Convert 4 (base 16) to base 11.
4
What is -1f (base 16) in base 13?
-25
What is 79 (base 13) in base 15?
6a
Convert 25 (base 12) to base 16.
1d
Convert -1a (base 11) to base 9.
-23
Convert -241 (base 6) to base 8.
-141
-1110011 (base 2) to base 6
-311
Convert 25 (base 7) to base 3.
201
-8b (base 16) to base 2
-10001011
100 (base 2) to base 12
4
-8 (base 15) to base 11
-8
18 (base 15) to base 9
25
What is 62 (base 11) in base 13?
53
What is 3 (base 16) in base 13?
3
What is 9 (base 13) in base 11?
9
10 (base 6) to base 9
6
2 (base 11) to base 16
2
-3 (base 10) to base 8
-3
3 (base 5) to base 15
3
Convert 57 (base 8) to base 16.
2f
Convert 540 (base 8) to base 12.
254
What is 3 (base 7) in base 14?
3
28 (base 16) to base 7
55
-313 (base 4) to base 10
-55
-1144 (base 5) to base 10
-174
Convert -4 (base 12) to base 15.
-4
What is 40 (base 11) in base 8?
54
What is 53 (base 12) in base 3?
2100
Convert -5 (base 11) to base 13.
-5
-1101 (base 2) to base 5
-23
What is 33 (base 7) in base 12?
20
What is 1 (base 14) in base 3?
1
1340 (base 5) to base 12
164
-10221 (base 3) to base 2
-1101010
What is ed (base 15) in base 9?
267
What is -10 (base 6) in base 3?
-20
33 (base 11) to base 10
36
Convert 2 (base 6) to base 12.
2
Convert 174 (base 11) to base 15.
d7
What is -7 (base 11) in base 2?
-111
Convert 87 (base 13) to base 4.
1233
Convert -301 (base 9) to base 14.
-136
Convert -100 (base 4) to base 2.
-10000
Convert -3a (base 13) to base 11.
-45
3 (base 9) to base 16
3
Convert -10000 (base 2) to base 15.
-11
Convert -202 (base 5) to base 14.
-3a
-7 (base 15) to base 6
-11
19 (base 15) to base 10
24
Convert -4 (base 14) to base 13.
-4
Convert -3 (base 6) to base 10.
-3
Convert 3 (base 14) to base 6.
3
-30 (base 6) to base 9
-20
-c (base 13) to base 9
-13
What is e (base 15) in base 12?
12
-5 (base 7) to base 14
-5
Convert 20 (base 4) to base 12.
8
-2 (base 7) to base 6
-2
Convert -2221 (base 3) to base 9.
-87
Convert 4 (base 5) to base 6.
4
Convert a (base 11) to base 12.
a
Convert 25 (base 9) to base 15.
18
What is 20 (base 7) in base 3?
112
What is -273 (base 10) in base 7?
-540
24 (base 15) to base 4
202
What is 1 (base 2) in base 7?
1
What is -4a (base 11) in base 14?
-3c
What is 20 (base 4) in base 11?
8
Convert -5 (base 9) to base 13.
-5
What is 20 (base 3) in base 13?
6
What is -2 (base 14) in base 2?
-10
-23 (base 4) to base 16
-b
What is -4a (base 16) in base 12?
-62
Convert 126 (base 7) to base 10.
69
What is -32 (base 11) in base 6?
-55
Convert -123 (base 5) to base 7.
-53
-11b (base 14) to base 7
-434
-6 (base 7) to base 8
-6
Convert -21 (base 5) to base 2.
-1011
b (base 12) to base 15
b
What is -173 (base 8) in base 14?
-8b
What is 2 (base 13) in base 11?
2
Convert -1200 (base 3) to base 2.
-101101
Convert 324 (base 5) to base 16.
59
What is 2 (base 10) in base 6?
2
Convert 0 (base 13) to base 3.
0
-3021 (base 4) to base 13
-126
1022 (base 3) to base 9
38
Convert -25 (base 15) to base 5.
-120
-120 (base 4) to base 10
-24
Convert -25 (base 11) to base 4.
-123
Convert 11 (base 8) to base 13.
9
What is 17 (base 13) in base 16?
14
-2 (base 8) to base 13
-2
Convert -2 (base 3) to base 7.
-2
What is -10110 (base 2) in base 15?
-17
1112 (base 3) to base 16
29
What is 11 (base 7) in base 15?
8
-3 (base 8) to base 6
-3
-5 (base 8) to base 6
-5
13 (base 5) to base 6
12
Convert -1110 (base 2) to base 7.
-20
Convert -12 (base 16) to base 2.
-10010
What is -2 (base 4) in base 6?
-2
What is 134 (base 8) in base 3?
10102
What is -1 (base 13) in base 4?
-1
135 (base 7) to base 16
4b
1103 (base 7) to base 2
110001011
a (base 16) to base 6
14
What is -102120 (base 3) in base 12?
-220
Convert -20 (base 3) to base 2.
-110
What is -1d (base 15) in base 16?
-1c
What is -65 (base 10) in base 9?
-72
What is 7 (base 9) in base 11?
7
Convert 11 (base 11) to base 10.
12
-5 (base 15) to base 12
-5
2 (base 8) to base 12
2
5 (base 14) to base 7
5
-9 (base 16) to base 10
-9
-3 (base 10) to base 2
-11
What is -5 (base 14) in base 3?
-12
-331 (base 5) to base 6
-231
-200 (base 3) to base 4
-102
What is 11 (base 7) in base 4?
20
What is -2 (base 16) in base 15?
-2
What is -10 (base 16) in base 11?
-15
What is 3 (base 7) in base 8?
3
Convert 1112 (base 3) to base 2.
101001
What is 3 (base 8) in base 13?
3
15 (base 14) to base 5
34
29 (base 12) to base 10
33
Convert 106 (base 7) to base 5.
210
Convert -11 (base 5) to base 13.
-6
-25 (base 13) to base 11
-29
What is -5 (base 16) in base 4?
-11
What is -6 (base 7) in base 3?
-20
Convert 2 (base 13) to base 16.
2
Convert -8 (base 11) to base 10.
-8
1a (base 12) to base 6
34
Convert 2 (base 10) to base 4.
2
Convert 45 (base 11) to base 16.
31
What is 5 (base 15) in base 11?
5
2 (base 5) to base 9
2
-45 (base 14) to base 4
-331
Convert 55 (base 14) to base 10.
75
What is 33 (base 6) in base 5?
41
1 (base 9) to base 6
1
Convert 26 